4. What are the prime factors of i?
457
Suppose 0 = -6*f - 293 + 5549. List the prime factors of f.
2, 3, 73
Let x = 210 - 100. Let r = x + -51. List the prime factors of r.
59
Let z(b) = -2*b**2 + 5*b - 3. Let r be z(3). What are the prime factors of (-2 - r)*(-6)/(-3)?
2
List the prime factors of 917/(-140)*-5*80.
2, 5, 131
Suppose -14*q + 36*q = 1694. What are the prime factors of q?
7, 11
Suppose -215 = -b + 5*x, 2*b + 72 - 502 = 2*x. What are the prime factors of b?
5, 43
Let k(j) = 27*j + 9. Let i be k(-5). List the prime factors of ((-9)/27)/(2/i).
3, 7
Suppose 70 = -6*h + 8*h. Let l = -24 + h. What are the prime factors of l?
11
Let n(s) = -16*s**2 + 22*s + 99*s**3 - 50*s**3 - 48*s**3 - 5 + 3*s**2. What are the prime factors of n(12)?
5, 23
Let i be ((-6)/4)/(3/12). Let b = i + 30. List the prime factors of b.
2, 3
Suppose 0*d = d. Suppose 2 = j - d. Suppose 50 = j*c - u, 0 = -0*u + 2*u - 8. List the prime factors of c.
3
Let f = -12 + 18. Let p be -20*((-15)/f)/5. Suppose -r + p + 16 = 0. What are the prime factors of r?
2, 13
Suppose -1340 = -2*r - 3*g, -2*r + 2*g = -765 - 565. List the prime factors of r.
23, 29
Let q be ((-12)/10)/((-33)/110). Suppose 4*s + s - 106 = q*r, -3*r = s - 25. List the prime factors of s.
2, 11
Suppose 16*t - 9*t = -1946. Let b = t + 626. What are the prime factors of b?
2, 3, 29
Suppose 0 = 5*m, m = -r + 5*m + 467. List the prime factors of r.
467
Let t(d) = -d**3 + 2*d**2 - 3*d - 11. Let g(b) = 2*b**2 - 4*b - 9. Let s(p) = 3*g(p) - 2*t(p). List the prime factors of s(4).
131
Suppose 14 = -5*z + r, 5*z - 4*r - 6 = -8*r. What are the prime factors of (8/2)/(z + (-5)/(-2))?
2
Suppose -4*c + 3*s = -20, -3*s + 2*s - 12 = -4*c. What are the prime factors of (-2)/c - (-53 - (-5 - -2))?
7
Let w(l) = 202*l**2 + 6*l. Let q be w(6). What are the prime factors of 6/(0 + -2) + q/63?
113
List the prime factors of 82384/114 - 3/(-9).
3, 241
Suppose 3*q - 2337 = -852. What are the prime factors of q?
3, 5, 11
Suppose w - 5*w + 200 = 0. Let v = w + -30. Suppose 2*g + v = 76. What are the prime factors of g?
2, 7
Suppose q - 55 = -4*r + 6*q, -3*q - 39 = -3*r. Suppose -4 + 0 = -j, 2*j = -z + r. Suppose k + 27 = 2*k + b, 71 = 3*k - z*b. List the prime factors of k.
5
Suppose 0 = -33*a + 16*a + 64821. List the prime factors of a.
3, 31, 41
Let w(n) = 1808*n**2 - 13*n - 14. List the prime factors of w(-1).
13, 139
Suppose 2*u - 10 = -2*d, 4*u = -2*d + 13 + 3. Suppose 0 = -4*c + 3*s + 69, 0 = c + s + d*s - 21. List the prime factors of c.
2, 3
Suppose -u - 3*x + 2016 = -268, 4*u + x = 9125. What are the prime factors of u?
2281
Let j = -715 + 321. Let o = -185 - j. List the prime factors of o.
11, 19
Suppose -4*u - 4*u - 8 = 0. List the prime factors of 46*1*(11 - (u + 9)).
2, 3, 23
Let r(q) = -q**3 + 41*q**2 + 7*q - 159. What are the prime factors of r(41)?
2
Let x = -279 - -426. Suppose 0 = a - x - 3. Suppose -a = 2*l - 7*l. What are the prime factors of l?
2, 3, 5
Let j(h) = h**3 + 2*h**2 - 6*h. Let l be j(-5). Let v = -35 - l. List the prime factors of v.
2, 5
What are the prime factors of (-1)/(-13) + 676203/403?
2, 839
Suppose -2*y = 4, n - 5*y + 3*y = 67. Suppose m = -6*m + n. List the prime factors of m.
3
Suppose -2*u + 3*u = -4*t + 9, -15 = -5*t - 5*u. Suppose -t*g - 37 = -139. List the prime factors of g.
3, 17
Suppose 2*p = 3*h + 662 + 634, -2*h + 648 = p. List the prime factors of p.
2, 3
Let y = 909 - 390. List the prime factors of y.
3, 173
Let g be (-2)/(-8) + 3/4. Let c be (8/(-6))/(g/12). What are the prime factors of (c/6)/((-4)/30)?
2, 5
Let n(u) = 4*u**2 + 6*u + 1. Let k = 27 - 32. What are the prime factors of n(k)?
71
Let t = 10 + -6. Suppose -t*o = 13 + 51. Let i = -11 - o. List the prime factors of i.
5
Suppose -4*j + j - 24 = 0. Let a be 4/j*-3*-10. Let f = a - -26. What are the prime factors of f?
11
List the prime factors of (2 - (-16719)/7) + (-44)/(-77).
3, 797
Suppose -25 + 7 = -3*z. Let l(h) = -h**3 + 7*h**2 - 6*h + 1. Let r be l(z). Let t(y) = 17*y**2 + y. What are the prime factors of t(r)?
2, 3
List the prime factors of 468 - -1 - (-1 - 3).
11, 43
Let i(s) be the third derivative of s**6/40 - 7*s**5/30 - s**4/8 + 7*s**3/6 + 12*s**2 - 3*s. What are the prime factors of i(6)?
7, 19
Let c = -2 - -71. Suppose -2*h = -10, 0*a - 5*h + c = 4*a. List the prime factors of a.
11
Let b(z) = z**3 - 5*z**2 + 11*z + 2. Let q be b(7). Let l = 268 - q. List the prime factors of l.
7, 13
Suppose -3*z - 2 - 4 = 0, -6 = -2*h + z. Suppose 3*s + 2*v - 4*v = -2, 5*v = -5*s + 5. Suppose s = -h*b + b + 23. List the prime factors of b.
23
Suppose z = -4*z - 70. Let x = z + 18. List the prime factors of (x/6)/((-2)/(-48)).
2
Let d(g) = -g**3 - 5*g**2 - 2. Let y be d(-4). Let m be 6/4*(-48)/y. Suppose 2*x - m - 4 = 0. What are the prime factors of x?
2
What are the prime factors of 0/((-15)/(-5) + -1) - -3400?
2, 5, 17
Suppose 5*q = 3*d + 8235, 0 = -2*q + 2*d + 575 + 2719. List the prime factors of q.
3, 61
Let u = 262 + -172. Let h = 155 - u. List the prime factors of h.
5, 13
Let g = 176 - 10. List the prime factors of g.
2, 83
Let c(b) = 14*b - b + 9 - 2*b. Let l be c(6). Let v = 128 - l. What are the prime factors of v?
53
Let s = 24 + -15. Suppose -4*w + 29 = s. Suppose -2*t + 3*h - w*h = -72, -3*t - 2*h = -105. List the prime factors of t.
3, 11
Let i(p) be the third derivative of 0*p + 0 + 2*p**2 + 1/3*p**3 + 1/120*p**6 + 1/8*p**4 + 1/12*p**5. List the prime factors of i(-4).
2, 3
Let a(q) = -5 + 8*q - q**2 - 2*q + 0*q**2. Suppose 0 = -2*l - 19 + 27. List the prime factors of a(l).
3
What are the prime factors of (-6 - 40/(-8))*(1 - 303)?
2, 151
Let z be (-2)/(-4)*4 - 2. Suppose 2*a - 4 = -3*i, -4*i - 3*a + 7 - 2 = 0. Suppose z = -0*y + i*y - 42. List the prime factors of y.
3, 7
Suppose 4*s - 27 - 105 = 0. Suppose 2*z + 27 = s. Suppose 2*y = -3*y - z*c + 230, -5*y + 230 = 2*c. What are the prime factors of y?
2, 23
Suppose 6*d - 13 = 47. Suppose 0 = -d*u + 13*u. What are the prime factors of 79 + (-9)/(-3) + u?
2, 41
Let a be (8/2)/(-4)*-2. Suppose g + 280 = 4*x - 3*g, a*x = 5*g + 152. List the prime factors of x.
2, 3, 11
Suppose -5 = -3*r - 11, -5*p = 2*r - 16. Suppose 7*b + p*b - 957 = 0. What are the prime factors of b?
3, 29
Let f = 38 - 36. Suppose -4*t + 0*t + 150 = 5*y, -f*y = -4*t - 60. List the prime factors of y.
2, 3, 5
Let p(c) = 6*c + 5. Let q be p(5). Suppose -q = -2*x - 7. Let k(m) = m**2 - 10*m - 11. What are the prime factors of k(x)?
3, 5
Let n(u) = -7*u + 5. Let h = -30 - -27. What are the prime factors of n(h)?
2, 13
Let v = 30 + -15. Suppose g + v = -0. List the prime factors of ((-24)/g)/((-1)/(-20)).
2
Suppose 2*v = -5*y - 416, -4*y - 3*v = 233 + 104. Let z = y - -97. What are the prime factors of z?
3, 5
Let z = -39 + 48. Suppose -6*i - 420 = -z*i. What are the prime factors of i?
2, 5, 7
Let d(y) = y**3 + 11*y**2 + 6*y - 12. Let b be d(-10). Let j = 82 + b. Suppose -3*f - 3 = -x - j, -f = -3*x - 25. What are the prime factors of f?
37
Let a(b) = -6*b + 23. Suppose 0 = 5*c + 2*r + 60, -5*c - 3*r - 55 = -c. List the prime factors of a(c).
83
Let k(u) = 5*u**2 - 20*u + 21. Let n be k(13). What are the prime factors of 4/10 + (-1)/((-10)/n)?
61
Let q = -233 - -254. What are the prime factors of q?
3, 7
Let k(y) = y**2 + 5*y + 13. List the prime factors of k(-14).
139
Suppose 0 = 12*n - 11*n - 2. Let k(x) = 22*x + 7. What are the prime factors of k(n)?
3, 17
Let r = 2919 - 930. What are the prime factors of r?
3, 13, 17
Let f = 9 - 23. Let v = -10 - f. Let i(j) = -j**3 + 5*j**2 - 4. List the prime factors of i(v).
2, 3
Suppose -44192 = -1442*t + 1426*t. List the prime factors of t.
2, 1381
Let t be (38/(-6) + 3)/(6/(-18)). What are the prime factors of t/(-2) + 213/1?
2, 13
Let t = -4 - -3. Let c(m) = -131*m**3 - m**2 + 5*m + 5. List the prime factors of c(t).
2, 5, 13
Let k = 38 - 25. Let s = -4 - 5. Let h = s + k. List the prime factors of h.
2
Let k(m) = -69*m - 9. Suppose 6*i + 18 = 2*i - 3*f, 0 = -3*i - 3*f - 15. List the prime factors of k(i).
2, 3, 11
Let j = 435 - 230. Suppose -j = -6*p + 185. What are the prime factors of p?
5, 13
What are the prime factors of -2 + 2 + 125814/39?
2, 1613
Let p be ((-20)/(-16))/5 + 38/8. Let i(o) = o + 37. Let a be i(0). Suppose -t + 3*z + 22 